are the prime factors of 1111365549?
3, 7, 5880241
What are the prime factors of 1113205956?
2, 3, 92767163
What are the prime factors of 209894452?
2, 52473613
What are the prime factors of 430523671?
1201, 358471
List the prime factors of 3403828.
2, 59, 14423
What are the prime factors of 78048596?
2, 71, 199, 1381
List the prime factors of 546773743.
29, 997, 18911
List the prime factors of 4898114296.
2, 612264287
List the prime factors of 174603404.
2, 89, 490459
What are the prime factors of 30047578?
2, 11, 1365799
List the prime factors of 112067828.
2, 28016957
What are the prime factors of 276465731?
276465731
List the prime factors of 231201564.
2, 3, 11, 17, 197, 523
What are the prime factors of 149648464?
2, 7, 1013, 1319
List the prime factors of 34900965.
3, 5, 11, 70507
What are the prime factors of 37224173?
7, 19, 39983
What are the prime factors of 213329502?
2, 3, 11851639
What are the prime factors of 220045431?
3, 73348477
List the prime factors of 54887503.
11, 4989773
What are the prime factors of 1649329918?
2, 239, 719, 4799
List the prime factors of 148169024.
2, 2315141
List the prime factors of 1719503429.
7, 241, 1019267
List the prime factors of 167504475.
3, 5, 19, 41, 47, 61
What are the prime factors of 8835773?
8835773
List the prime factors of 243420062.
2, 673, 180847
What are the prime factors of 845501161?
31, 2399, 11369
List the prime factors of 7263703694.
2, 13, 279373219
List the prime factors of 801866598.
2, 3, 13, 10280341
List the prime factors of 761132928.
2, 3, 23, 86179
What are the prime factors of 168755475?
3, 5, 7, 31, 10369
What are the prime factors of 44077446?
2, 3, 7, 47, 827
What are the prime factors of 39997007?
379, 105533
List the prime factors of 146689288.
2, 863, 21247
List the prime factors of 79348592.
2, 31, 159977
What are the prime factors of 211854153?
3, 7, 17, 593429
What are the prime factors of 229954611?
3, 271, 282847
What are the prime factors of 398179206?
2, 3, 47, 156887
What are the prime factors of 3577243889?
23, 155532343
What are the prime factors of 2278557976?
2, 19, 37, 67, 6047
What are the prime factors of 637323029?
7, 101, 901447
List the prime factors of 128095494.
2, 3, 29, 736181
What are the prime factors of 3271600778?
2, 1635800389
What are the prime factors of 2185558333?
7, 347, 883, 1019
What are the prime factors of 6445113156?
2, 3, 31, 5775191
What are the prime factors of 60281423?
60281423
What are the prime factors of 58686306?
2, 3, 7, 73, 19141
What are the prime factors of 187703741?
187703741
What are the prime factors of 3408159390?
2, 3, 5, 19, 1487, 4021
What are the prime factors of 212789196?
2, 3, 5910811
What are the prime factors of 144904847?
263, 550969
List the prime factors of 1340305208.
2, 11, 643, 23687
List the prime factors of 61703255.
5, 89, 313, 443
What are the prime factors of 78615115?
5, 15723023
List the prime factors of 348692824.
2, 151, 288653
What are the prime factors of 203407264?
2, 127, 50051
List the prime factors of 3141596237.
13, 227, 1064587
List the prime factors of 3824496.
2, 3, 13, 227
List the prime factors of 141856040.
2, 5, 397, 8933
What are the prime factors of 353019971?
31, 11387741
What are the prime factors of 108565925?
5, 13, 334049
List the prime factors of 72776134.
2, 197, 184711
What are the prime factors of 1244524?
2, 241, 1291
List the prime factors of 3699521541.
3, 271, 1516819
What are the prime factors of 1157712296?
2, 13, 67, 166147
List the prime factors of 908028911.
1069, 849419
What are the prime factors of 366146076?
2, 3, 30512173
List the prime factors of 11143381.
17, 739, 887
List the prime factors of 796388548.
2, 199097137
What are the prime factors of 10454506?
2, 5227253
What are the prime factors of 42486344?
2, 307, 17299
What are the prime factors of 1138176985?
5, 11, 20694127
List the prime factors of 71535020.
2, 5, 229, 15619
What are the prime factors of 2507230836?
2, 3, 11, 575581
List the prime factors of 25790314.
2, 11, 23, 50969
List the prime factors of 639391281.
3, 71, 3001837
What are the prime factors of 68674640?
2, 5, 858433
List the prime factors of 4325085.
3, 5, 223, 431
What are the prime factors of 993589027?
993589027
List the prime factors of 899745141.
3, 79, 673, 5641
List the prime factors of 1243654744.
2, 71, 2189533
What are the prime factors of 304016546?
2, 401, 379073
What are the prime factors of 292890532?
2, 11, 6656603
List the prime factors of 2392221309.
3, 1871, 426193
List the prime factors of 23063351.
43, 536357
List the prime factors of 3570464817.
3, 396718313
What are the prime factors of 65802012?
2, 3, 5483501
What are the prime factors of 143777270?
2, 5, 7, 13, 22571
What are the prime factors of 93261827?
93261827
What are the prime factors of 16680745?
5, 331, 10079
List the prime factors of 504299316.
2, 3, 2003, 20981
List the prime factors of 902340684.
2, 3, 7, 29, 31, 569
What are the prime factors of 267229883?
267229883
List the prime factors of 58818379.
829, 70951
List the prime factors of 27742286.
2, 11, 13, 97001
List the prime factors of 1697252207.
7, 4001, 60601
What are the prime factors of 219089521?
7, 1879, 16657
List the prime factors of 3080614286.
2, 19, 643, 126079
What are the prime factors of 389678029?
13, 17, 23, 31, 2473
What are the prime factors of 1136353855?
5, 7, 13, 50969
List the prime factors of 135263072.
2, 7, 603853
List the prime factors of 6763381.
6763381
List the prime factors of 23668930.
2, 5, 17, 29, 4801
What are the prime factors of 3324158260?
2, 5, 23, 7226431
What are the prime factors of 538210652?
2, 7, 29, 373, 1777
What are the prime factors of 268882805?
5, 457, 117673
List the prime factors of 678664358.
2, 23, 14753573
List the prime factors of 93785682.
2, 3, 15630947
What are the prime factors of 517388609?
517388609
List the prime factors of 898543310.
2, 5, 7, 12836333
List the prime factors of 1015446187.
7, 145063741
List the prime factors of 1592211748.
2, 3847, 103471
List the prime factors of 306593188.
2, 11, 57587
What are the prime factors of 25184180?
2, 5, 7, 29, 6203
List the prime factors of 19858701.
3, 73, 90679
What are the prime factors of 410545059?
3, 31, 4414463
What are the prime factors of 521647063?
7, 149, 331, 1511
What are the prime factors of 20807112?
2, 3, 866963
What are the prime factors of 554025936?
2, 3, 11542207
What are the prime factors of 2481450386?
2, 163, 373, 20407
What are the prime factors of 26563479?
3, 8854493
List the prime factors of 363919274.
2, 19, 331, 28933
What are the prime factors of 22097693?
22097693
What are the prime factors of 33752001?
3, 11250667
List the prime factors of 23265319.
7, 11, 73, 4139
What are the prime factors of 4745404157?
13, 17, 21472417
List the prime factors of 2010155056.
2, 7, 13, 43, 97, 331
What are the prime factors of 3340960869?
3, 1113653623
List the prime factors of 60032507.
23, 283, 401
List the prime factors of 1081319150.
2, 5, 2749, 7867
List the prime factors of 28797005.
5, 5759401
What are the prime factors of 1652380013?
1652380013
List the prime factors of 6828684.
2, 3, 569057
What are the prime factors of 1234863541?
179, 353, 19543
What are the prime factors of 329072486?
2, 241, 682723
What are the prime factors of 1321140086?
2, 7, 811, 116359
What are the prime factors of 70387933?
7, 11, 227, 4027
What are the prime factors of 462748243?
8171, 56633
What are the prime factors of 2337580410?
2, 3, 5, 11, 17, 269, 1549
What are the prime factors of 1182436232?
2, 37, 3994717
What are the prime factors of 1295385622?
2, 23, 1567, 17971
What are the prime factors of 289355222?
2, 13, 103, 167, 647
List the prime factors of 293694946.
2, 199, 737927
List the prime factors of 3293906754.
2, 3, 9059, 60601
List the prime factors of 654215135.
5, 7, 67, 227, 1229
List the prime factors of 3766824100.
2, 5, 13, 19, 11731
What are the prime factors of 1075881442?
2, 23, 23388727
What are the prime factors of 50535119?
50535119
What are the prime factors of 26845574?
2, 7, 1917541
What are the prime factors of 8544906?
2, 3, 229, 691
What are the prime factors of 100880816?
2, 2251, 2801
What are the prime factors of 72463798?
2, 11